ainder when 37 is divided by t?
5
Let s(j) = -6*j - 17. Calculate the remainder when 25 is divided by s(-5).
12
Suppose -x - 4*b - 77 = 0, 2*x - b = -2*x - 308. Let q = x + 112. Suppose 3*a - 3 = -2*n + 4, -3*a + q = -5*n. Calculate the remainder when a is divided by 3.
2
Calculate the remainder when 135 is divided by (-18)/(-3)*2/12*34.
33
Let n(f) = f**3 - 4*f**2 + 5*f - 2. What is the remainder when 38 is divided by n(3)?
2
Suppose 0 = -h, -4*k + 3*h = -3*k + 1. Let q = k + 5. Suppose -36 + 7 = -b + q*m, 3*m + 12 = 0. Calculate the remainder when 37 is divided by b.
11
Calculate the remainder when (-49)/(0 - -1 - 2) is divided by 13.
10
Let m be (-18)/(-4)*(-2)/3. What is the remainder when 5 is divided by 15/(9/3) + m?
1
Let p(h) = 4*h + 1. What is the remainder when 82 is divided by p(4)?
14
Suppose -8 = -w + 2*u + 25, -5*u = w - 40. Calculate the remainder when 67 is divided by w.
32
Calculate the remainder when (2/(-3))/((-2)/87) is divided by (-180)/(-27)*6/5.
5
Let o = 126 + -14. Suppose -101 = -4*k + k + 5*c, -o = -4*k + c. Calculate the remainder when 107 is divided by k.
26
Suppose -5*h + h - y = -240, 2*h - 110 = 2*y. What is the remainder when h is divided by 30?
29
Let p(x) = -3*x**3 - 11*x**2 + 8*x + 2. Let y(r) = 4*r**3 + 11*r**2 - 8*r - 1. Let c(g) = -5*p(g) - 4*y(g). What is the remainder when 54 is divided by c(10)?
12
Let j = -43 - -29. Let w = j + 28. Let g(c) = -c**2 - 7*c - 7. Calculate the remainder when w is divided by g(-3).
4
Let w(v) = -v**2 + 7*v - 4. Let o = -11 + 15. What is the remainder when 14 is divided by w(o)?
6
Let l(g) = g**2 + 5*g + 9. Let z be l(-9). Suppose -2*n = -3*s + n + z, -5*s = n - 69. What is the remainder when 41 is divided by s?
13
Let h be 1 - 5 - (3 - 4). Calculate the remainder when (-21 - 2)*3/h is divided by 12.
11
Let h(y) = -2*y**3 - 2*y**2 + y + 2. Calculate the remainder when 117 is divided by h(-2).
5
Suppose -h = 4*h - 30. Calculate the remainder when 16 is divided by h.
4
Suppose 24 = z - c - 12, 4 = -2*c. Let x(s) = -3*s + 3 - 3. Calculate the remainder when z is divided by x(-4).
10
Suppose 0 = -2*i + i - 3*o + 39, -2*i - 2*o = -70. Calculate the remainder when i is divided by 17.
16
Suppose 3*s - 37 = 5*x, 0 = 4*x + 9 - 1. Calculate the remainder when 26 is divided by s.
8
Let g be -5 - -10 - (4 + -1). Suppose o - 3*r = 20, -5*o - 2*r - g*r = -81. What is the remainder when o is divided by 10?
7
Let h = 9 + -2. Let r(i) = i - 6. Let b(a) = -2*a - 3. What is the remainder when b(-2) is divided by r(h)?
0
Suppose -b + 3*m = -5*b + 148, 4*m = -16. Calculate the remainder when b is divided by 14.
12
Calculate the remainder when 2204/22 + ((-35)/11 - -3) is divided by 34.
32
Suppose -2*s = -s - 2*z + 10, -5*s - 4*z + 20 = 0. Suppose s*u = -u + 9. Calculate the remainder when 25 is divided by u.
7
Suppose 0*x - 2*x + 4*n = -10, 42 = 3*x + 3*n. What is the remainder when 87 is divided by x?
10
Suppose 3*z + 32 = 7*z. Suppose -12*u + z*u = -56. Calculate the remainder when u is divided by 5.
4
Suppose a + 1 - 5 = 0. Suppose -h = 3 - a. What is the remainder when h is divided by 1?
0
Suppose 5*v - x - 3*x - 263 = 0, 5*x = -5*v + 245. Calculate the remainder when v is divided by 9.
6
Let p(z) = z. Let q = -2 + 19. What is the remainder when q is divided by p(6)?
5
Suppose 4*m = 10*m - 42. What is the remainder when 21 is divided by m?
0
Let d(i) = i**2 - 4*i - 1. Let c be d(3). Let h(q) be the first derivative of q**2/2 + 5*q - 4. Calculate the remainder when h(c) is divided by 1.
0
Let q be -4 - -1 - (-5 + 5). Calculate the remainder when (-27)/(-4) - 2/(-8) is divided by (-1)/q + (-28)/(-6).
2
Let s = 15 - 8. Suppose -3*v + 20 = 2*v. What is the remainder when s is divided by v?
3
Let v(x) = -x + 3. Let o be v(3). Let a = o + 3. Calculate the remainder when a is divided by 3.
0
Suppose -3*i + 10 = -29. Suppose 0 = 5*o - 150 - 35. What is the remainder when o is divided by i?
11
Let h(f) = f**3 + 7*f**2 - 4*f. What is the remainder when 178 is divided by h(-6)?
58
Suppose k - 3 + 4 = 0. Let p be ((-1)/(-2))/1*-38. What is the remainder when 36 is divided by (1/k)/(1/p)?
17
Let q(r) = r**2 - 11*r + 15. What is the remainder when 39 is divided by q(11)?
9
Suppose -5*p + 3*h - h = -20, -h - 8 = -2*p. Suppose p*i - 34 - 54 = 0. Calculate the remainder when i is divided by 12.
10
Suppose 78 = -3*l - 2*w + 328, 0 = 3*w + 12. What is the remainder when l is divided by 30?
26
Let l(n) = -7 - 2*n + n - n. Let r be l(5). Let p = r + 29. What is the remainder when 34 is divided by p?
10
What is the remainder when 57 is divided by 73/5 + 16/40?
12
Suppose -26 = -g - g + 2*u, 2*g - u = 22. Calculate the remainder when 42 is divided by g.
6
Suppose -3*f + 4*f = -13. Let k = f - -15. Calculate the remainder when 3 is divided by k.
1
Let q(s) = -s**3 + 9*s**2 + s + 1. Let a = -19 + 28. Calculate the remainder when q(a) is divided by 4.
2
Suppose -3*i + 8 + 8 = -2*n, 0 = 2*i - 4*n - 16. Suppose -6*b + 46 = -i*b. Calculate the remainder when b is divided by 12.
11
Suppose 12 = b + 4*u - 25, 4*b + 3*u = 122. Calculate the remainder when 115 is divided by b.
28
Let r(m) = m**2 + 8*m - 2. What is the remainder when r(3) is divided by 11?
9
Let t(k) = 2*k - 3. Let o be t(7). Suppose 4*i = o + 5. Let p(j) = 3*j - 3. Calculate the remainder when p(i) is divided by 5.
4
Let w = -159 + 161. Let a be 2/3 - (-80)/6. What is the remainder when a/(-4)*(-3 + 1) is divided by w?
1
What is the remainder when ((-42)/(-8))/((-12)/(-80)) is divided by 9?
8
Suppose -3*o + 20 + 88 = 0. What is the remainder when o is divided by (15 - (-4)/(-1 - -2))*1?
17
Suppose -8*m - l = -3*m - 160, 0 = 2*l - 10. Let g = m + -22. What is the remainder when ((-1 - -5) + -2)*8 is divided by g?
7
Let b be (-17)/(-5) + 6/(-15). Calculate the remainder when b/(1/(1 - -3)) is divided by 5.
2
Let z(s) = 24*s - 29. Calculate the remainder when z(4) is divided by (-156)/(-9) - (-1)/(-3).
16
Let w(i) = 7*i - 1. What is the remainder when -4*22*2/(-16) is divided by w(1)?
5
Suppose 6*g - 12*g = -234. What is the remainder when 192 is divided by g?
36
Let a = -9 + 23. Calculate the remainder when 37 is divided by a.
9
Let y(d) be the first derivative of -d**2/2 + d - 4. Calculate the remainder when 16 is divided by y(-5).
4
Let v(i) = 3*i**2 + i - 9. Calculate the remainder when 170 is divided by v(4).
41
Suppose 4*j = 2*j - 4, j - 67 = -3*q. Suppose -5*f = -y + 6*y + 75, -2*y - 30 = 3*f. Let g = y - -27. What is the remainder when q is divided by g?
11
Suppose -l + 13 + 5 = 0. What is the remainder when 89 is divided by l?
17
Let a(k) = -k**2 - 8*k - 3. Let x = 6 + -3. Suppose 0*u = x*u - 15. What is the remainder when a(-6) is divided by u?
4
What is the remainder when 1/3 - 137/(-3) is divided by (-924)/(-63) + (-4)/(-3)?
14
Let z(r) = -194*r**3 + 2*r**2 - 1. Let o be z(-1). Let m = 345 - o. Suppose 5*w + 5*u - m = 0, u = -3*w - 6 + 86. What is the remainder when w is divided by 13?
12
Let s(j) = 4*j**2 - 7*j + 9. Let n(l) = -l**3 + 4. Let c(i) = -i**2 + 3*i + 7. Let y be c(5). Calculate the remainder when n(y) is divided by s(2).
9
Let u(v) = 9*v**2 + 5*v + 3. Let r be (-4)/(-6)*72/(-16). What is the remainder when u(r) is divided by 24?
21
Let l(r) = -5*r - 6. Let b(t) = -11*t - 11. Let n(f) = 3*b(f) - 5*l(f). Calculate the remainder when 40 is divided by n(-3).
19
Suppose 60 = 4*c - 6*c. Let b = -13 - c. Calculate the remainder when 32 is divided by b.
15
Let h(w) = -w**2 + 8*w - 7. Let k be h(7). Suppose -5*l - 5*v + 25 = k, -l - l + 5 = -3*v. Calculate the remainder when 6 is divided by l.
2
Suppose 0 = 4*z + 30 - 138. Calculate the remainder when 53 is divided by z.
26
Let y(t) = t**3 + 24*t**2 + 23*t + 8. Calculate the remainder when 0 + 2 + 1 + 28 is divided by y(-23).
7
Let b = 4 - 3. Let f = 13 + -1. Calculate the remainder when 10 is divided by (2/4)/(b/f).
4
Let f = 7 + -4. Suppose s = f*i + 50, 2*s - 6*s = i - 265. Calculate the remainder when s is divided by 22.
21
Let x be -3*(-3*2 - 2). Let v = x + 5. What is the remainder when v is divided by 15?
14
Suppose -3*z = -29 - 82. Calculate the remainder when z is divided by 13.
11
Suppose 0 = j - 5*p - 0*p + 7, 3*j = -3*p + 33. What is the remainder when 15 is divided by j?
7
Let